{"id":1556,"date":"2016-04-28T09:41:41","date_gmt":"2016-04-28T09:41:41","guid":{"rendered":"http:\/\/www.rackmontage.com\/?page_id=1556"},"modified":"2017-03-02T18:04:13","modified_gmt":"2017-03-02T17:04:13","slug":"sachverstand-german","status":"publish","type":"page","link":"https:\/\/www.rackmontage.com\/?page_id=1556&lang=de","title":{"rendered":"Sachverstand German"},"content":{"rendered":"[vc_row bgmode=&#8221;customimagebg&#8221; image=&#8221;1322&#8243; bgposition=&#8221;top_left&#8221; bgrepeat=&#8221;stretch&#8221; bgattachment=&#8221;fixed&#8221; padding=&#8221;custom-padding&#8221; padding_top_value=&#8221;110&#8243; padding_bottom_value=&#8221;350&#8243; sectionoverlayopacity=&#8221;0.70&#8243; video_opacity_overlay=&#8221;0.70&#8243;][vc_column][\/vc_column][\/vc_row][vc_row padding=&#8221;default-padding&#8221; sectionoverlayopacity=&#8221;0.70&#8243; video_opacity_overlay=&#8221;0.70&#8243;][vc_column][vc_row_inner][vc_column_inner width=&#8221;1\/2&#8243;][az_single_image image=&#8221;1320&#8243; image_mode=&#8221;img-full-responsive&#8221; animation_loading=&#8221;yes&#8221; animation_loading_effects=&#8221;move_left&#8221;][\/vc_column_inner][vc_column_inner width=&#8221;1\/2&#8243;][az_column_text animation_loading=&#8221;yes&#8221; animation_loading_effects=&#8221;move_right&#8221;]\n<h3>Vojt\u011bch Karlovsk\u00fd<\/h3>\n<p>Ich habe ein Hochschulabschluss auf der maschinell-industrielle Fachschule in Hradec Kralove in Schwerpunkt Automatisierung der IT Systemen.<br \/>\nSeit dem montiere ich verschiedene Regalsysteme f\u00fcr renommierte Kunden weltweit.<br \/>\nDie Genauigkeit in diesem Fachgebiet z\u00e4hlt zu meinem Hobby, h\u00e4ufig vertr\u00e4gt diese beinah keine Toleranz.[\/az_column_text][\/vc_column_inner][\/vc_row_inner][az_blank_divider][\/vc_column][\/vc_row]\n","protected":false},"excerpt":{"rendered":"<p>[vc_row bgmode=&#8221;customimagebg&#8221; image=&#8221;1322&#8243; bgposition=&#8221;top_left&#8221; bgrepeat=&#8221;stretch&#8221; bgattachment=&#8221;fixed&#8221; padding=&#8221;custom-padding&#8221; padding_top_value=&#8221;110&#8243; padding_bottom_value=&#8221;350&#8243; sectionoverlayopacity=&#8221;0.70&#8243; video_opacity_overlay=&#8221;0.70&#8243;][vc_column][\/vc_column][\/vc_row][vc_row padding=&#8221;default-padding&#8221; sectionoverlayopacity=&#8221;0.70&#8243; video_opacity_overlay=&#8221;0.70&#8243;][vc_column][vc_row_inner][vc_column_inner width=&#8221;1\/2&#8243;][az_single_image image=&#8221;1320&#8243; image_mode=&#8221;img-full-responsive&#8221; animation_loading=&#8221;yes&#8221; animation_loading_effects=&#8221;move_left&#8221;][\/vc_column_inner][vc_column_inner width=&#8221;1\/2&#8243;][az_column_text animation_loading=&#8221;yes&#8221; animation_loading_effects=&#8221;move_right&#8221;] Vojt\u011bch Karlovsk\u00fd Ich habe ein Hochschulabschluss auf der maschinell-industrielle Fachschule in Hradec [&hellip;]<\/p>\n","protected":false},"author":5,"featured_media":0,"parent":0,"menu_order":0,"comment_status":"open","ping_status":"closed","template":"","meta":[],"_links":{"self":[{"href":"https:\/\/www.rackmontage.com\/index.php?rest_route=\/wp\/v2\/pages\/1556"}],"collection":[{"href":"https:\/\/www.rackmontage.com\/index.php?rest_route=\/wp\/v2\/pages"}],"about":[{"href":"https:\/\/www.rackmontage.com\/index.php?rest_route=\/wp\/v2\/types\/page"}],"author":[{"embeddable":true,"href":"https:\/\/www.rackmontage.com\/index.php?rest_route=\/wp\/v2\/users\/5"}],"replies":[{"embeddable":true,"href":"https:\/\/www.rackmontage.com\/index.php?rest_route=%2Fwp%2Fv2%2Fcomments&post=1556"}],"version-history":[{"count":2,"href":"https:\/\/www.rackmontage.com\/index.php?rest_route=\/wp\/v2\/pages\/1556\/revisions"}],"predecessor-version":[{"id":1617,"href":"https:\/\/www.rackmontage.com\/index.php?rest_route=\/wp\/v2\/pages\/1556\/revisions\/1617"}],"wp:attachment":[{"href":"https:\/\/www.rackmontage.com\/index.php?rest_route=%2Fwp%2Fv2%2Fmedia&parent=1556"}],"curies":[{"name":"wp","href":"https:\/\/api.w.org\/{rel}","templated":true}]}}